
1
Let h = -11 - -16. Let u = h - 3. Suppose u*f = 5 + 15. What is the units digit of f?
0
Let a(k) = k**2 - 8*k + 6. Let y be a(6). What is the tens digit of 3 + y*(-14)/4?
2
Let s = -3 + 9. What is the units digit of s*(-2)/2*-1?
6
Suppose 2*l + 10 = -28. Suppose -o - o - 64 = 0. Let t = l - o. What is the units digit of t?
3
Suppose -13 = 2*q - 5*y + 2, -2*y = -5*q - 6. Let a = 5 - q. What is the units digit of a?
5
Let s(w) = -w**3 - 5*w**2 - 4*w + 2. Let b be s(-4). Suppose -t + 57 = b*h, 4*h - t - 117 = -6*t. What is the tens digit of h?
2
Suppose -5*g + 25 = -15. What is the units digit of g?
8
Let m(n) = n + 3. Let c(z) = -z - 2. Let a(o) = -7*c(o) - 3*m(o). What is the units digit of a(7)?
3
Suppose -16 = -p + 9. What is the units digit of p?
5
Suppose -5*t + 4*t = -2. Let z(h) = h**3 - 2. What is the units digit of z(t)?
6
Let h(d) = -9*d**3 + 2*d**2 + d. Let b be h(-1). Let w = 24 - b. What is the units digit of w?
4
Suppose -g - u = -30, -18 = -2*g - 5*u + 54. What is the tens digit of g?
2
Let w be 1 + -1*(-6)/3. Suppose j - 2*q - w = 0, -4*j + 3*q + 10 = -7. Suppose -2*b = -b - 5*c - 6, -4*b + j*c + 24 = 0. What is the units digit of b?
6
Let j = 6 - 3. Let d(o) = -o**3 + 4*o**2 - o + 4. Let n be d(3). Suppose j = -v + n. What is the units digit of v?
7
Let l(g) = g**3 + 8*g**2 - 4*g - 6. What is the units digit of l(-8)?
6
Let d(z) = 2*z - 3*z + 2*z + 6. Let g be -6 - (2 + 6/(-2)). What is the units digit of d(g)?
1
Suppose 43 = -2*i + 3*i - 2*a, -4*a + 43 = i. What is the tens digit of i?
4
Suppose 0*h = 5*h - 35. Let b be h*(-2 - 32/(-14)). Suppose -b*l = -2*g - 24, 0*l - 2*g - 54 = -4*l. What is the tens digit of l?
1
Suppose 6*d + 659 = 2153. What is the units digit of d?
9
Suppose -19 - 1 = 5*q. Let g = 6 + q. What is the units digit of g/(1 + 0) + 2?
4
Let w(o) = o**2 + 11*o + 11. Let q be w(-10). What is the units digit of 6*q - 0/1?
6
Let a(h) = h**3 + 6*h**2 - 9*h - 10. Suppose 11 = -3*j - 10. What is the units digit of a(j)?
4
Suppose 0 = 3*s - 0*s - 246. What is the units digit of s?
2
Let y be (-3)/(-9) + 10/6. Suppose 2*p + 3*s + y*s = 25, -27 = -3*p + 3*s. Let x = p - 6. What is the units digit of x?
4
Let w(r) = -r**3 + 4*r**2 + r + 1. What is the tens digit of w(2)?
1
What is the tens digit of 2070/(-12)*-1*6/9?
1
Let h(p) = 4*p**3 + 2*p**2 - p - 1. Let l be h(2). Let w(g) = g**2 - 5*g + 5. Let k be w(5). Suppose -l = -k*d - 7. What is the units digit of d?
6
Suppose 3*c = 182 - 92. Suppose w + x - 15 = 0, -3 - 22 = -5*w + 5*x. Suppose 2*a + w = c. What is the units digit of a?
0
Let s(c) = -c**3 + 4*c**2 - 2*c - 4. Let p be s(3). Let d = p - -9. What is the units digit of d?
8
Let b(p) = -p**3 + 18*p**2 + 26*p - 12. What is the hundreds digit of b(19)?
1
Suppose 3*h = 4*a + 2 + 34, -h = 3*a + 40. Let g be 2/(-8) - 123/a. Suppose -1 = -y + g. What is the units digit of y?
1
What is the units digit of -1*(18*-3 + 1)?
3
Suppose -3*m + 2*l = -2*l + 110, 4*m = -l - 172. Let w = m - -63. What is the tens digit of w?
2
Suppose 4*a = 587 + 117. What is the hundreds digit of a?
1
Let k = -15 + 31. Suppose 0*r - 2*r + k = 0. Suppose -f + r = f. What is the units digit of f?
4
Let b be 6/15 + 78/5. Let c(g) = 1 + 9*g**2 - 16*g + b*g. What is the tens digit of c(-1)?
1
Suppose 11 = 4*l - 3*j, l + 0*l + 5*j = -3. Suppose -2*f + 3*i = 0, 5*f + 2 = l*i + 24. What is the units digit of f?
6
Let v(k) = k + 25. Let o be -14 + -4*12/(-16). What is the units digit of v(o)?
4
Let o(z) = -z**3 - 3*z**2 - 10*z + 10. What is the hundreds digit of o(-7)?
2
Let u = -9 + 13. Suppose y + 7 = -3*b, 4 = 3*y - 0*b + u*b. Let x = 12 - y. What is the units digit of x?
4
Let q(z) = -z**3 - 5*z**2 + 2. Let s be q(-5). Let b be (-18)/45 + (-42)/(-5). Suppose -s = -5*c + b. What is the units digit of c?
2
Let h = -70 - -87. What is the tens digit of h?
1
Suppose -45 = -4*d + 19. Suppose -5*s - 32 = -4*f, f + 2*s = 3*f - d. What is the units digit of f?
8
Let h(p) = 5*p + 5. Suppose 5*t - 2 = 18. What is the tens digit of h(t)?
2
Let x = 105 + -64. What is the units digit of x?
1
Let v(f) = 7*f**2 - 5*f + 2. What is the units digit of v(3)?
0
Let h = 6 + -4. Let z(u) = h - 3 - u - 1. What is the units digit of z(-4)?
2
Let q(f) = 4*f**2 + 8*f + 10. What is the tens digit of q(-5)?
7
Let q(r) = -9*r**2 + 2*r - 1. Let f be q(1). Let n = 4 + f. What is the units digit of ((-6)/n)/(9/30)?
5
Suppose 2*x + 1 = -1. What is the units digit of ((-2)/(-6))/(x/(-18))?
6
Let p be 2/4*2*3. Suppose 4*s = 3*n + 1, -p*n - 5*s + 40 = n. What is the units digit of n?
5
Let l(z) = z**3 + 25*z**2 + 31*z + 26. What is the tens digit of l(-23)?
7
Let y = 52 + -17. Let m be 5 - (1 - (-1 + 2)). Suppose 3*w = 5*k + m*w - y, 2*k + 10 = 4*w. What is the units digit of k?
5
Suppose 3*s - 11 = 2*s. Let f = 7 + s. What is the tens digit of f?
1
Let x(i) = -i**2 + 13*i + 7. Let t be x(12). Suppose 8 = m - t. What is the tens digit of m?
2
Let j(n) = -n**2 + 6*n - 2. Let u be j(6). Let t(w) = -w. Let b be t(u). Suppose -6 = -2*k + b. What is the units digit of k?
4
Suppose y + 4*y = -20. Let x = y + 10. What is the units digit of x?
6
Let p(y) = y**3 - 5*y**2 + 3*y - 5. Let f be 8 + 5/((-15)/9). What is the tens digit of p(f)?
1
Let d(m) = -2*m + 14. Let q be d(14). Let x = q - -29. What is the units digit of x?
5
Suppose -r - r = p + 10, 5*p + 30 = -5*r. Let d = 25 - r. What is the tens digit of d?
2
Suppose 3*z = 11 - 2. Let y = z - 4. Let r(u) = -3*u - 1. What is the units digit of r(y)?
2
Let x be 1 + -1 + 7 - 2. Let v(n) = 0*n - x*n + 0*n + 0*n. What is the tens digit of v(-2)?
1
Let o = 8 + 15. Let j be (-40)/((-1 + -3)/4 - 0). Let a = j - o. What is the tens digit of a?
1
Suppose -14 = -3*s + 2*s. Let h = 25 - s. What is the tens digit of h?
1
Let b(u) = -7*u**3 - 3*u**2 + 2. Let p be b(-2). Suppose -4*i + p - 6 = 0. What is the tens digit of i?
1
Let j(b) = 7*b**2 + 2*b - 2. Let n be j(3). Let z = n - 42. What is the tens digit of z?
2
Let k be (48/(-28))/(2/(-35)). Suppose 0*d = -5*d + k. What is the units digit of d?
6
Suppose -3*x = 2*x. What is the units digit of -3 - (-2 + x - 7)?
6
Let d(w) = 3*w**2 + w + 1. Let l be d(-1). Suppose -l*z - 41 = -149. What is the tens digit of z?
3
Let q(k) = -3*k**2 - 2*k + 4*k**2 + 4 - k. What is the units digit of q(4)?
8
Let d(u) be the second derivative of u**2 - 1/6*u**3 + 0 + u. What is the units digit of d(-2)?
4
Suppose 4*i + 6 = 14. Suppose a - 26 = -m, i*m + 88 = 5*m + 5*a. What is the units digit of m?
1
Let m be ((-45)/25)/((-2)/10). Let g(p) be the first derivative of p**2/2 - 5*p - 1. What is the units digit of g(m)?
4
Let m be 12/5*60/8. Suppose -5*f + 0*f + 14 = -g, -5*f + 2*g = -m. Suppose 5*k - 4*w = 45, -4*k - 5 = 3*w + f*w. What is the units digit of k?
5
Let w(o) = -o**3 - 3*o**2 - 4*o - 3. Let x be w(-2). Suppose 16 - x = 3*k. Let l(q) = 2*q**2 - 8*q + 3. What is the tens digit of l(k)?
1
Let t(p) = -p**2 + 3*p. Let n be t(2). Suppose -n - 2 = -4*d. What is the units digit of d?
1
Suppose p + 2*u = 3*u + 3, p + 5*u = 15. Suppose 0 = -d + 4*z - p, 4*d + 0*d - 3*z = 32. Let c = d + -4. What is the units digit of c?
7
Let h = 37 - 7. Let y be h/40*(3 - -1). Suppose 0 = y*b + 1 - 10. What is the units digit of b?
3
Suppose 0 = 3*u - 3*p - p + 7, 4*p = 4. Let z(k) = k**3 + 4*k**2 + 2*k + 6. Let r be z(-4). What is the units digit of (r - u) + 1 - -1?
1
Let k(f) be the first derivative of -f**4/4 - f**3 + f**2 + 4*f + 1. Suppose -31 = t - 27. What is the tens digit of k(t)?
1
Let j(l) = l**2 + 11*l + 5. What is the tens digit of j(-13)?
3
Let h(s) = -s**3 + 4*s**2 - 2*s - 7. What is the tens digit of h(-3)?
6
Suppose -4*n + 3 = -1. What is the units digit of -12*n*(-2)/4?
6
Suppose 0 = -0*k + k. Let t = 1 + k. What is the units digit of t/(1 + 0 - 0)?
1
Suppose -2*h = -3*s - 310, 3*h = -4*s + 2 + 429. What is the tens digit of h?
4
Let u(d) = d**2 + d + 39. What is the tens digit of u(0)?
3
Suppose -6 = 3*k, 5*k + 0*k = f - 30. What is the units digit of f?
0
Suppose 0 = k - 5*o - 22, 20 = k - o - 3*o. Let d be (k/10)/(6/15). Suppose 6 = -3*z, -d*s + 2*z - 7*z = -5. What is the units digit of s?
5
Let s(l) = 49*l + 1. What is the units digit of s(1)?
0
Suppose a + 3*c = 4*c - 46, -5*a + c - 246 = 0. Let i = -20 - 